te?
False
Let k(p) = -38253*p - 4146. Is k(-3) a composite number?
True
Suppose 5*n - 5*t - 20 = 0, t = -4*n + 6*t + 15. Suppose -k - d = -960, 0 = n*k + 4*d - 377 - 4425. Let p = -373 + k. Is p a prime number?
False
Let r(h) = h**2 - 15*h - 25. Let w be r(17). Is (-6387)/(w/(9/(-3))) a composite number?
False
Let t(f) = f**2 + 10*f + 21. Let l be t(-3). Suppose l = 8*s - 12*s - 4*j + 21564, 2*s = 3*j + 10772. Is s a prime number?
False
Let i be (-1 - 1) + (12/(-6) - 0). Let h(z) = 9 + 6*z**2 - 8 + 5 + 7*z + 15. Is h(i) a prime number?
True
Let i be (4/8)/(4 + (-75)/20). Suppose 0 = -5*v + 2*g + 5689, -4*v + 4559 = 3*g - i*g. Is v a composite number?
True
Let h(o) be the second derivative of o**4/2 - o**3 - 5*o**2/2 + 2*o + 2. Is h(-7) a prime number?
True
Let t(c) = -16*c - 86. Let p be t(-5). Is (p/(-8) - 1) + (-5469)/(-4) a composite number?
False
Let y(w) = -24*w**3 - 5*w**2 - 24*w - 21. Is y(-10) a composite number?
False
Suppose 4*u = z - 99925, -250*u + 254*u + 299727 = 3*z. Is z a composite number?
False
Let g = 205 + -197. Suppose 0 = 4*z + g, 4*n - 5*z + 47 = 5*n. Is n a prime number?
False
Suppose -5*q + 1040099 = -6*h, 0 = -2*h + 231 - 219. Is q a prime number?
False
Let l = -26941 - -40087. Suppose -l = 27*s - 81537. Is s a composite number?
True
Let r be 0*(-1)/1 + 4. Suppose 7*j - 5*j = r. Suppose j*u - 2856 = -734. Is u a prime number?
True
Let j(s) = 208984*s**3 - 2*s**2 + 3*s - 2. Is j(1) composite?
True
Suppose -w - a - 5973 + 45575 = 0, -5*w + 3*a = -198050. Is w a prime number?
True
Let w be (9 + 6)*(-6)/15. Let o be 603/(-6)*(-128)/w*-3. Suppose -o = -11*m + 2247. Is m prime?
False
Let u = -357 + 353. Is (7/56*u)/(1/(-8222)) a composite number?
False
Let n = -1473 + 884. Let j = n + 1428. Is j a prime number?
True
Let f = -21689 - -41602. Is f prime?
True
Let f be (-23)/(-184) - 373860/32. Let j = 20410 + f. Is j composite?
True
Suppose -9*y = -1400980 + 125707. Is y a composite number?
False
Let b(a) = -207*a**3 - a**2 - 1. Let l(v) = -3. Let w(i) = -i + 6. Let q(c) = -5*l(c) - 2*w(c). Let d be q(-2). Is b(d) a prime number?
False
Let x(l) = -553*l - 8. Let t(a) = 1108*a + 20. Let d(b) = -3*t(b) - 5*x(b). Is d(-3) a prime number?
True
Is (191806/6)/((-16)/(-20)*(-15)/(-36)) composite?
True
Let y(i) = -8 + 4*i**2 - 5*i**2 - 4*i + 8*i + 3*i. Let r be y(4). Suppose h - t = 37, -r*h + 148 = -3*t + t. Is h composite?
False
Suppose 35 = 5*y + d + 12, 2*y = -3*d + 4. Suppose 0 = -0*x + 2*x - y*p - 2386, -p = 0. Is x composite?
False
Suppose -2*s = -2*b - 1920, -7*s + 2*s = 2*b + 1941. Suppose -70*i = -65*i + 2320. Let a = i - b. Is a composite?
False
Suppose 20 = -3*c - 4*k, -3*c + 26 - 47 = 3*k. Is (115902/72)/((-2)/c) a prime number?
False
Suppose 0*a + 3*a + 130945 = 5*i, 5*a = 3*i - 78551. Suppose 16*f - i = 88208. Suppose -10*j + f = 440. Is j composite?
True
Suppose -r + 8143 = -209556. Is r a composite number?
True
Suppose 3*u = p + 2*p - 189, -75 = -p + 5*u. Suppose -158 = -9*c - 113. Suppose 0*x = -x + k + p, 0 = c*x + 5*k - 250. Is x prime?
False
Let m(q) = -q**3 - 56*q**2 - 119*q + 261. Is m(-70) composite?
False
Let y(i) = -i**3 + 7*i**2 + 25*i + 6. Let s be y(15). Let d = s - -2534. Is d composite?
True
Suppose -10*u - 12 = -4*u. Suppose -4*i + 414 = -i - 5*n, n = -i + 130. Let f = u + i. Is f composite?
False
Suppose -q - 3*q - 54759 = -5*o, -q + o - 13690 = 0. Let n = -7638 - q. Is n a prime number?
True
Is -7 - (18/8 + 0)/(357/(-16828504)) composite?
True
Is 1489/((-12)/28 - (-3156)/7266) a prime number?
False
Let v be ((0/2)/2)/(48 - 49). Is 3/4 + (-28731)/(-12) - v a composite number?
True
Let x = -3070 - -6867. Is x composite?
False
Let s = -34 + 35. Suppose 0 = -2*z + 7 - 3. Is (z/(-2))/(s/(-393)) prime?
False
Suppose 0*q = -2*q + 48. Let b = 19 - q. Is (-291 - 0)*-4*b/(-60) a composite number?
False
Suppose -4*w - 53*r + 51*r = -2093542, -3*r = -5*w + 2616922. Is w prime?
False
Suppose 2896 = 4*t + 2*x, -3*t + 2*x + 0*x + 2179 = 0. Suppose 2*z - t = v + 1376, 3*v + 9 = 0. Is z prime?
True
Is (9 + -7)*133018/4 composite?
False
Is (-204)/(-969) + (-2604170)/(-38) a composite number?
False
Let y = 88751 + -210104. Is -1*4/(-14) + y/(-21) a prime number?
True
Suppose 8 - 113 = -7*p. Let y(t) = -3 - 3*t**2 + 2 + 5*t**2 - 4*t. Is y(p) composite?
False
Is 21/(-56) - ((-14165845)/24 - (-3)/18) a prime number?
True
Suppose -4*n - 93 = -761. Suppose -4*o - 5*c + 141 = 0, 2 = -4*o + 3*c + n. Is (7 - o/6) + (-3121)/(-2) a composite number?
True
Let q be 670/15*(1/2 + 1). Suppose q*o - 6472 = 59*o. Is o a composite number?
False
Suppose 77404 = 4*v + 2*w, v = 2*w + 12538 + 6803. Suppose 2*b - 5*g = v, b - 15*g - 9673 = -13*g. Is b a composite number?
True
Let g be 3 + 50/(-18) - 20/90. Suppose g = -516*x + 521*x - 16765. Is x composite?
True
Let u be 3/(-9) + (-8284)/6. Let l(a) = -5*a**3 + 9*a**2 - a - 4. Let r be l(-8). Let s = u + r. Is s a prime number?
True
Let o be 6 - (-4)/(-12)*(-1 - -1). Is o + (-3 - (-18265 - -5)) a composite number?
True
Let h be 21745/3*312/65. Is (h/(-6))/((-528)/396) a prime number?
True
Suppose 4*h - 18194 - 22628 = -i, 2*h - 4 = 0. Let j = i + -25969. Is j a prime number?
False
Suppose -10328*k = -10361*k + 39423747. Is k a composite number?
False
Let w = 64 + -64. Suppose w = -59*s + 61*s - 1186. Is s prime?
True
Let n = 52747 + -9258. Is n composite?
True
Suppose -5*g - 57*h = -54*h - 1607720, 5*h = -5*g + 1607710. Is g composite?
False
Let h(o) = o**3 - 4*o**2 - 6*o + 20. Let y be h(4). Let k be ((-18)/y)/((-3)/(-20)). Is -4197*5/k*-2 a composite number?
False
Let a be (-2)/6 - 1672/(-3). Let x(n) = -93*n + 297. Let k be x(5). Let v = k + a. Is v composite?
False
Let g be 7*-9 + -1*2. Let x be (122/7)/((-1311)/133 - -10). Let u = g + x. Is u composite?
True
Suppose 12*i = 1426814 + 828358. Is i a prime number?
True
Let q = -28 - -37. Suppose 12 + q = 7*x. Suppose 4*p + p + 25 = 0, -x*p = -5*h + 2345. Is h prime?
False
Let k(t) = 381*t**2 - 28*t - 11. Let s be k(-17). Suppose 0 = -2*w - 5916 + s. Suppose 13*q = w + 49526. Is q prime?
False
Suppose 4*m = s - 119078, -s = 3*m - 138875 + 19790. Let k = s - 72316. Is (-8)/(-60) + k/30 prime?
True
Suppose -1184 = -4*o - 2*y, 4*o + y = -4*y + 1196. Suppose o = h - 220. Is h a composite number?
True
Suppose -22 = -9*l + 6*l - 5*z, -50 = -5*l - 5*z. Let a(i) = 399*i - 89. Is a(l) prime?
False
Suppose 0 = 2*n - 32 - 28. Suppose -p = p + n. Is 4 + p/9*-51 a prime number?
True
Let u(p) = 54*p**3 + 8*p**2 + 6*p - 10. Let h be u(-6). Is (h/8)/((-16)/64) a composite number?
False
Let q be (1/2)/(10/(-20)). Let o(x) = 570*x**2 - 3*x - 2. Is o(q) a prime number?
True
Suppose 3*x - 671995 = -2*d, -5*d - x + 2198788 - 518794 = 0. Is d a composite number?
False
Suppose 5*z - 4009 - 3339 = -1263. Is z a prime number?
True
Let v = -72757 + 534264. Is v a prime number?
True
Let w be (-5)/(15/54)*142/4. Let z = 170 - w. Is z prime?
True
Let y = -31127 + 52055. Suppose 2*h + 4*n - 15661 = -h, 4*n = 4*h - y. Is h prime?
True
Let y = 5 - -82. Let p = -85 + y. Suppose 0 = -p*i - 4*g + 942, -i - 5*g = -5*i + 1832. Is i prime?
True
Let v(k) = -84*k - 22. Let n(q) = -81*q - 22. Let u(i) = -3*n(i) + 4*v(i). Let m(y) = -y - 4. Let w be m(3). Is u(w) prime?
False
Let n(j) = 2658*j**2 + 162*j - 1069. Is n(7) prime?
True
Let u(h) = 680*h - 5. Let i(z) = z - 1. Let w(p) = 4*i(p) - u(p). Is w(-4) composite?
True
Let m be (-336)/(-10)*90/12. Suppose 1846 = 253*s - m*s. Suppose 0 = 5*x - 3*z - s, -5*x - 3*z + 1711 = -153. Is x a composite number?
True
Suppose -2*p - 2*c = 186, -5*c - 201 = 6*p - 4*p. Let b = p - -90. Suppose -b*d = 2*k - 1100, -3*k + 5*d = -2*k - 568. Is k prime?
False
Suppose 5*t + 5*o = 54198 + 76467, -3*t + 2*o + 78439 = 0. Is t composite?
False
Let f(n) = 27*n**3 + 23*n**2 - 37*n - 18. Is f(7) prime?
True
Is ((-74289)/(-2) + 0)*(-12 - 532/(-42)) a prime number?
True
Let q(v) = 640*v**3 - 13*v**2 - 19*v + 311. Is q(7) prime?
False
Let b be (-12)/30 + (-3741)/(-15). Let f = b + -148. Let g = f - -66. Is g a prime number?
True
Is (5*167337/(-27))/(-5) + 10/(-15) prime?
True
Suppose -159*o + 1660950 = -149*o. Suppose -17*d = -32*d + o. Is d composite?
True
Let o = -15 - -19. Suppose o*y + y + g + 12675 = 0, -5*y + g - 12685 = 0. Let h = -1385 - y. Is h